ors of 616920328?
2, 61, 1087, 1163
What are the prime factors of 65195897?
13, 19, 263951
What are the prime factors of 566298330?
2, 3, 5, 13, 1452047
What are the prime factors of 131419826?
2, 17, 3865289
List the prime factors of 57513743.
7, 101, 81349
List the prime factors of 165146577.
3, 37, 79, 509
What are the prime factors of 197459218?
2, 11, 2719, 3301
List the prime factors of 417735451.
7, 283, 433, 487
What are the prime factors of 30675174?
2, 3, 17, 311, 967
What are the prime factors of 30772244?
2, 17, 452533
List the prime factors of 178231176.
2, 3, 2475433
What are the prime factors of 106734462?
2, 3, 47, 8053
What are the prime factors of 1019580731?
13, 23, 31, 317, 347
What are the prime factors of 414528699?
3, 13, 10628941
What are the prime factors of 8599934766?
2, 3, 457, 3136373
What are the prime factors of 28929450?
2, 3, 5, 11, 89, 197
What are the prime factors of 4244702430?
2, 3, 5, 43, 653, 5039
List the prime factors of 693086805.
3, 5, 29, 531101
What are the prime factors of 623822607?
3, 1103, 20947
List the prime factors of 4094988378.
2, 3, 13, 877, 59863
What are the prime factors of 36724351?
36724351
What are the prime factors of 2028448478?
2, 7, 157, 922861
List the prime factors of 953675572.
2, 433, 550621
List the prime factors of 529602078.
2, 3, 31, 2847323
List the prime factors of 4333232427.
3, 1444410809
What are the prime factors of 346342737?
3, 13, 29, 359, 853
What are the prime factors of 1732942810?
2, 5, 11497, 15073
What are the prime factors of 110686365?
3, 5, 819899
List the prime factors of 1234578596.
2, 31, 9956279
List the prime factors of 55321995.
3, 5, 17, 29, 7481
What are the prime factors of 5450630947?
19, 286875313
What are the prime factors of 2790002755?
5, 43, 97, 133781
List the prime factors of 837852460.
2, 5, 179, 227, 1031
List the prime factors of 101845317.
3, 7, 17, 285281
What are the prime factors of 163998455?
5, 83, 139, 2843
What are the prime factors of 70525528?
2, 2339, 3769
What are the prime factors of 1242509906?
2, 11, 17, 3322219
What are the prime factors of 1787961374?
2, 41, 661, 32987
List the prime factors of 981819021.
3, 277, 353, 3347
What are the prime factors of 139510041?
3, 11, 17, 149, 1669
What are the prime factors of 3605383662?
2, 3, 3733, 160969
What are the prime factors of 3935326390?
2, 5, 29, 13570091
What are the prime factors of 773078512?
2, 181, 266947
What are the prime factors of 240170464?
2, 337, 22271
List the prime factors of 11821864.
2, 599, 2467
What are the prime factors of 8987463?
3, 367, 907
List the prime factors of 784435261.
37, 3121, 6793
What are the prime factors of 425764358?
2, 212882179
What are the prime factors of 5325754440?
2, 3, 5, 137, 323951
List the prime factors of 206097449.
206097449
List the prime factors of 74371826.
2, 53, 701621
List the prime factors of 236612132.
2, 23, 2571871
What are the prime factors of 97763301?
3, 709, 5107
What are the prime factors of 1767272733?
3, 41, 89, 53813
List the prime factors of 240567769.
13, 1223, 15131
What are the prime factors of 3315923979?
3, 37, 29873189
What are the prime factors of 2293426671?
3, 89, 8589613
What are the prime factors of 944031617?
944031617
List the prime factors of 25257039.
3, 43, 195791
What are the prime factors of 129439396?
2, 32359849
What are the prime factors of 31650506?
2, 151, 104803
List the prime factors of 1136868759.
3, 13, 29, 47, 7129
List the prime factors of 111316119.
3, 17, 2182669
What are the prime factors of 1745814748?
2, 436453687
List the prime factors of 58225073.
58225073
What are the prime factors of 67626484?
2, 127, 239, 557
What are the prime factors of 454919674?
2, 11, 47, 439961
What are the prime factors of 813919247?
7723, 105389
List the prime factors of 6570030.
2, 3, 5, 219001
What are the prime factors of 4559327468?
2, 1669, 682943
What are the prime factors of 694501464?
2, 3, 28937561
What are the prime factors of 55233116?
2, 233, 59263
List the prime factors of 299633583.
3, 239, 417899
What are the prime factors of 1218244769?
7, 17, 10237351
What are the prime factors of 766479837?
3, 89, 2870711
What are the prime factors of 105130056?
2, 3, 23, 227, 839
List the prime factors of 81277270.
2, 5, 97, 83791
List the prime factors of 37873891.
11, 311, 11071
What are the prime factors of 32942735?
5, 7, 941221
List the prime factors of 122268728.
2, 15283591
List the prime factors of 269091898.
2, 37, 373, 9749
List the prime factors of 120280554.
2, 3, 6682253
List the prime factors of 82748785.
5, 7, 73, 139, 233
List the prime factors of 23862902.
2, 7, 41, 5939
What are the prime factors of 185041279?
23, 83, 96931
List the prime factors of 130914974.
2, 167, 391961
What are the prime factors of 443138531?
11, 29, 1389149
List the prime factors of 156964704.
2, 3, 13, 29, 4337
What are the prime factors of 2344506965?
5, 349, 599, 2243
List the prime factors of 101672942.
2, 7, 1037479
List the prime factors of 109966624.
2, 1487, 2311
What are the prime factors of 1719560821?
11, 6599, 23689
What are the prime factors of 46125738?
2, 3, 41, 62501
List the prime factors of 585676859.
585676859
List the prime factors of 442991256.
2, 3, 18457969
What are the prime factors of 2835745443?
3, 41, 53, 16111
List the prime factors of 1272113278.
2, 59, 83, 129887
List the prime factors of 436166412.
2, 3, 11, 3304291
List the prime factors of 46884425.
5, 7, 38273
List the prime factors of 89064818.
2, 19, 73, 97, 331
List the prime factors of 228268568.
2, 11, 2593961
List the prime factors of 597678494.
2, 7, 179, 238499
What are the prime factors of 84044921?
23, 167, 21881
What are the prime factors of 364953189?
3, 5333, 22811
List the prime factors of 651774783.
3, 11, 31, 271, 2351
List the prime factors of 3500288158.
2, 449, 3897871
List the prime factors of 2055898432.
2, 7, 277, 16567
What are the prime factors of 425075068?
2, 11, 19, 67, 7589
List the prime factors of 63934155.
3, 5, 97, 151
List the prime factors of 63696449.
63696449
What are the prime factors of 98209734?
2, 3, 7, 227, 10301
List the prime factors of 1518224024.
2, 189778003
List the prime factors of 479068705.
5, 73, 1312517
What are the prime factors of 2526275263?
53, 907, 52553
What are the prime factors of 6014023170?
2, 3, 5, 200467439
List the prime factors of 224936204.
2, 56234051
What are the prime factors of 1964048247?
3, 7, 31175369
What are the prime factors of 103797610?
2, 5, 7, 31, 1543
List the prime factors of 241935880.
2, 5, 191, 31667
List the prime factors of 28669224.
2, 3, 23, 167, 311
List the prime factors of 40040214.
2, 3, 6673369
What are the prime factors of 1589834233?
13, 101, 337, 3593
What are the prime factors of 346067072?
2, 13, 207973
List the prime factors of 117593442.
2, 3, 67, 281, 347
What are the prime factors of 325810570?
2, 5, 43, 757699
What are the prime factors of 152378640?
2, 3, 5, 31, 6827
What are the prime factors of 6394013744?
2, 373, 419, 2557
What are the prime factors of 302352395?
5, 17, 97, 36671
List the prime factors of 323133470.
2, 5, 11, 61, 48157
List the prime factors of 145420172.
2, 36355043
List the prime factors of 9537925.
5, 31, 397
What are the prime factors of 1802336657?
11, 163848787
List the prime factors of 19842985.
5, 3968597
List the prime factors of 49505444.
2, 12376361
List the prime factors of 137559183.
3, 19, 31, 77849
List the prime factors of 849717416.
2, 223, 476299
List the prime factors of 1247672670.
2, 3, 5, 17, 2446417
What are the prime factors of 343797361?
10037, 34253
List the prime factors of 501550227.
3, 55727803
List the prime factors of 177927299.
11, 863, 18743
What are the prime factors of 31507792?
2, 23, 85619
What are the prime factors of 504895494?
2, 3, 23, 103, 35521
What are the prime factors of 152857793?
11, 19, 23, 31799
List the prime factors of 280325496.
2, 3, 11, 79, 13441
What are the prime factors of 503182428?
2, 3, 7, 1777, 3371
List the prime factors of 537181676.
2, 7351, 18269
List the prime factors of 153219516.
2, 3, 37, 345089
List the prime factors of 37224318.
2, 3, 1051, 5903
What are the prime factors of 436969220?
2, 5, 19, 1149919
What are 